{"id":119,"date":"2020-11-09T12:15:25","date_gmt":"2020-11-09T12:15:25","guid":{"rendered":"https:\/\/seniorspourlascience.fr\/?page_id=119"},"modified":"2022-02-02T12:44:36","modified_gmt":"2022-02-02T12:44:36","slug":"comment-ca-marche","status":"publish","type":"page","link":"https:\/\/seniorspourlascience.fr\/index.php\/comment-ca-marche\/","title":{"rendered":"\u00c0 propos"},"content":{"rendered":"\n<p><\/p>\n\n\n\n<p class=\"has-medium-font-size\"><span class=\"has-inline-color has-black-color\"><strong>Comment est n\u00e9 \u201cLes s\u00e9niors pour la science\u201d ?<\/strong><\/span><\/p>\n\n\n\n<ul class=\"wp-block-list\"><li><span class=\"has-inline-color has-black-color\">\u201cles seniors pour la science\u201d est n\u00e9 du constat d\u2019un paradoxe : alors m\u00eame que nous rencontrons beaucoup de seniors int\u00e9ress\u00e9s par la science et le bien vieillir, les chercheurs et leurs \u00e9tudiants ont des difficult\u00e9s \u00e0 trouver des volontaires seniors pour participer \u00e0 leurs recherches sur ces th\u00e9matiques.<\/span><\/li><li><span class=\"has-inline-color has-black-color\">La MSH-Alpes (Maison de l&#8217;Homme de l&#8217;Universit\u00e9 Grenoble-Alpes) est une structure issue d\u2019une convention entre l\u2019Universit\u00e9 Grenoble Alpes et le CNRS (Centre National de la Recherche Scientifique). Elle a pour mission de soutenir la recherche en SHS (Sciences Humaines et Sociales). SCREEN est un service de la MSH qui propose d\u00e9j\u00e0 plusieurs bases de volontaires \u00e0 destinations des laboratoires universitaires, mais aucune sp\u00e9cifiquement d\u00e9di\u00e9e aux seniors. Nous avons donc d\u00e9cid\u00e9 de rem\u00e9dier \u00e0 cela.<\/span><\/li><\/ul>\n\n\n\n<figure class=\"wp-block-image size-large\"><img loading=\"lazy\" decoding=\"async\" width=\"1024\" height=\"576\" src=\"https:\/\/seniorspourlascience.fr\/wp-content\/uploads\/2022\/02\/Ornigramme-SPS-1024x576.jpg\" alt=\"\" class=\"wp-image-221\" srcset=\"https:\/\/seniorspourlascience.fr\/wp-content\/uploads\/2022\/02\/Ornigramme-SPS-1024x576.jpg 1024w, https:\/\/seniorspourlascience.fr\/wp-content\/uploads\/2022\/02\/Ornigramme-SPS-300x169.jpg 300w, https:\/\/seniorspourlascience.fr\/wp-content\/uploads\/2022\/02\/Ornigramme-SPS-768x432.jpg 768w, https:\/\/seniorspourlascience.fr\/wp-content\/uploads\/2022\/02\/Ornigramme-SPS-206x116.jpg 206w, https:\/\/seniorspourlascience.fr\/wp-content\/uploads\/2022\/02\/Ornigramme-SPS.jpg 1280w\" sizes=\"auto, (max-width: 1024px) 100vw, 1024px\" \/><\/figure>\n\n\n\n<p class=\"has-medium-font-size\"><span class=\"has-inline-color has-black-color\"><strong>Comment \u00e7a marche ?<\/strong><\/span><\/p>\n\n\n\n<ul class=\"wp-block-list\"><li><span class=\"has-inline-color has-black-color\">La notion d\u2019\u00e9change est au c\u0153ur du dispositif \u201cles seniors pour la science\u201d. Il s\u2019agit de cr\u00e9er des ponts entre le milieu de la recherche et la soci\u00e9t\u00e9.<\/span><\/li><li><span class=\"has-inline-color has-black-color\">D\u2019un c\u00f4t\u00e9, des volontaires de 60 ans font avancer la recherche en participant \u00e0 des \u00e9tudes scientifiques<\/span><\/li><li><span class=\"has-inline-color has-black-color\">De l\u2019autre c\u00f4t\u00e9, des chercheurs informent sur les objectifs et les r\u00e9sultats des \u00e9tudes qu\u2019ils m\u00e8nent. Avec leurs \u00e9tudiants, ils animent r\u00e9guli\u00e8rement des ateliers et des conf\u00e9rences autour du bien vieillir.<\/span><\/li><li><span class=\"has-inline-color has-black-color\">Pour les seniors, c\u2019est l\u2019occasion de se tenir inform\u00e9s sur les avanc\u00e9es scientifiques dans la compr\u00e9hension des m\u00e9canismes du vieillissement.<\/span><\/li><li><span class=\"has-inline-color has-black-color\">C\u2019est aussi une occasion unique pour les chercheurs et les seniors de discuter ensemble, et de partager leurs exp\u00e9riences ou leur connaissances.<\/span><\/li><\/ul>\n","protected":false},"excerpt":{"rendered":"<p>Comment est n\u00e9 \u201cLes s\u00e9niors pour la science\u201d ? \u201cles seniors pour la science\u201d est n\u00e9 du constat d\u2019un paradoxe &hellip; <a href=\"https:\/\/seniorspourlascience.fr\/index.php\/comment-ca-marche\/\" class=\"more-link\">Continue reading <span class=\"screen-reader-text\">\u00c0 propos<\/span><\/a><\/p>\n","protected":false},"author":1,"featured_media":0,"parent":0,"menu_order":0,"comment_status":"closed","ping_status":"closed","template":"","meta":{"footnotes":""},"class_list":["post-119","page","type-page","status-publish","hentry"],"_links":{"self":[{"href":"https:\/\/seniorspourlascience.fr\/index.php\/wp-json\/wp\/v2\/pages\/119","targetHints":{"allow":["GET"]}}],"collection":[{"href":"https:\/\/seniorspourlascience.fr\/index.php\/wp-json\/wp\/v2\/pages"}],"about":[{"href":"https:\/\/seniorspourlascience.fr\/index.php\/wp-json\/wp\/v2\/types\/page"}],"author":[{"embeddable":true,"href":"https:\/\/seniorspourlascience.fr\/index.php\/wp-json\/wp\/v2\/users\/1"}],"replies":[{"embeddable":true,"href":"https:\/\/seniorspourlascience.fr\/index.php\/wp-json\/wp\/v2\/comments?post=119"}],"version-history":[{"count":9,"href":"https:\/\/seniorspourlascience.fr\/index.php\/wp-json\/wp\/v2\/pages\/119\/revisions"}],"predecessor-version":[{"id":224,"href":"https:\/\/seniorspourlascience.fr\/index.php\/wp-json\/wp\/v2\/pages\/119\/revisions\/224"}],"wp:attachment":[{"href":"https:\/\/seniorspourlascience.fr\/index.php\/wp-json\/wp\/v2\/media?parent=119"}],"curies":[{"name":"wp","href":"https:\/\/api.w.org\/{rel}","templated":true}]}}