{"id":106,"date":"2020-11-09T12:12:43","date_gmt":"2020-11-09T12:12:43","guid":{"rendered":"https:\/\/seniorspourlascience.fr\/?page_id=106"},"modified":"2024-08-27T07:21:39","modified_gmt":"2024-08-27T07:21:39","slug":"evenements-autour-du-bien-vieillir","status":"publish","type":"page","link":"https:\/\/seniorspourlascience.fr\/index.php\/evenements-autour-du-bien-vieillir\/","title":{"rendered":"\u00c9v\u00e9nements autour du bien vieillir"},"content":{"rendered":"\n<div class=\"wp-block-themeisle-blocks-advanced-columns has-1-columns has-desktop-equal-layout has-tablet-equal-layout has-mobile-equal-layout has-default-gap has-vertical-unset\" id=\"wp-block-themeisle-blocks-advanced-columns-289a7f41\"><div class=\"wp-block-themeisle-blocks-advanced-columns-overlay\"><\/div><div class=\"innerblocks-wrap\">\n\n<div class=\"wp-block-themeisle-blocks-advanced-column\" id=\"wp-block-themeisle-blocks-advanced-column-ed565ebd\">\n\n<p>Retrouvez l\u2019actualit\u00e9 des conf\u00e9rences et ateliers autour du bien vieillir<\/p>\n\n<\/div>\n\n<\/div><\/div>\n\n\n\n<p class=\"has-black-color has-text-color has-medium-font-size\"><strong><strong>\u00c9v\u00e9nement en partenariat avec Maison Hygeia<\/strong><\/strong><\/p>\n\n\n\n<p class=\"has-black-color has-text-color has-normal-font-size\"><strong>Date : Vendredi 13 Septembre 2024<\/strong><\/p>\n\n\n\n<p class=\"has-black-color has-text-color\"><strong>Lieu : <\/strong>A la MSH-Alpes (1221 rue des universit\u00e9s &#8211; Domaine universitaire de Saint-Martin-d\u2019H\u00e8res)<\/p>\n\n\n\n<p><span class=\"has-inline-color has-black-color\"><strong>Sur inscription : <\/strong><a href=\"https:\/\/my.weezevent.com\/seniors-pour-la-science-maison-hygeia-objectif-bien-vieillir\">https:\/\/my.weezevent.com\/seniors-pour-la-science-maison-hygeia-objectif-bien-vieillir<\/a><\/span><\/p>\n\n\n\n<p class=\"has-black-color has-text-color\">Quelles sont les cl\u00e9s du bien vieillir ? Les Seniors pour la Science et Maison Hygeia s&#8217;associent pour r\u00e9pondre \u00e0 cette question en une matin\u00e9e !<\/p>\n\n\n\n<p class=\"has-black-color has-text-color\"><a href=\"https:\/\/seniorspourlascience.fr\/\" rel=\"noreferrer noopener\" target=\"_blank\">Les Seniors pour la Science<\/a> est un projet de science citoyenne compos\u00e9 de chercheurs en psychologie de l&#8217;Universit\u00e9 Grenoble-Alpes.<\/p>\n\n\n\n<p class=\"has-black-color has-text-color\"><a href=\"https:\/\/maisonhygeia.fr\/\" rel=\"noreferrer noopener\" target=\"_blank\">Maison Hygeia<\/a> est un lieu de bien-\u00eatre situ\u00e9 \u00e0 Montbonnot qui rassemble activit\u00e9 physique adapt\u00e9e et des ateliers de stimulation cognitive et de bien-\u00eatre.<\/p>\n\n\n\n<p class=\"has-black-color has-text-color\">La matin\u00e9e du vendredi 13 septembre d\u00e9butera par une conf\u00e9rence sur la cognition et la m\u00e9tacognition \u00e0 travers l&#8217;\u00e2ge. Lucile Meunier-Duperray, doctorante au Laboratoire de Psychologie et NeuroCognition, pr\u00e9sentera les r\u00e9sultats de sa th\u00e8se. Ensuite, vous aurez l&#8217;opportunit\u00e9 de d\u00e9couvrir les activit\u00e9s propos\u00e9es par Maison Hygeia. Vous aurez le choix entre participer \u00e0 un atelier cognitif, ou assister \u00e0 une conf\u00e9rence sur les bienfaits de l\u2019activit\u00e9 physique sur la forme mentale.<\/p>\n\n\n\n<figure class=\"wp-block-image size-large\"><img loading=\"lazy\" decoding=\"async\" width=\"628\" height=\"632\" src=\"https:\/\/seniorspourlascience.fr\/wp-content\/uploads\/2024\/08\/image.png\" alt=\"\" class=\"wp-image-375\" srcset=\"https:\/\/seniorspourlascience.fr\/wp-content\/uploads\/2024\/08\/image.png 628w, https:\/\/seniorspourlascience.fr\/wp-content\/uploads\/2024\/08\/image-298x300.png 298w, https:\/\/seniorspourlascience.fr\/wp-content\/uploads\/2024\/08\/image-150x150.png 150w, https:\/\/seniorspourlascience.fr\/wp-content\/uploads\/2024\/08\/image-115x116.png 115w\" sizes=\"auto, (max-width: 628px) 100vw, 628px\" \/><\/figure>\n\n\n\n<p class=\"has-black-color has-text-color\"><strong>\u26a0 Attention !<\/strong> Le nombre de places est limit\u00e9. Lors de l&#8217;inscription, il vous sera demand\u00e9 de choisir les sessions auxquelles vous souhaitez assister :<br><a rel=\"noreferrer noopener\" href=\"https:\/\/my.weezevent.com\/seniors-pour-la-science-maison-hygeia-objectif-bien-vieillir\" target=\"_blank\">https:\/\/my.weezevent.com\/seniors-pour-la-science-maison-hygeia-objectif-bien-vieillir<\/a><\/p>\n\n\n\n<p><\/p>\n","protected":false},"excerpt":{"rendered":"<p>\u00c9v\u00e9nement en partenariat avec Maison Hygeia Date : Vendredi 13 Septembre 2024 Lieu : A la MSH-Alpes (1221 rue des &hellip; <a href=\"https:\/\/seniorspourlascience.fr\/index.php\/evenements-autour-du-bien-vieillir\/\" class=\"more-link\">Continue reading <span class=\"screen-reader-text\">\u00c9v\u00e9nements autour du bien vieillir<\/span><\/a><\/p>\n","protected":false},"author":1,"featured_media":0,"parent":0,"menu_order":0,"comment_status":"closed","ping_status":"closed","template":"","meta":{"footnotes":""},"class_list":["post-106","page","type-page","status-publish","hentry"],"_links":{"self":[{"href":"https:\/\/seniorspourlascience.fr\/index.php\/wp-json\/wp\/v2\/pages\/106","targetHints":{"allow":["GET"]}}],"collection":[{"href":"https:\/\/seniorspourlascience.fr\/index.php\/wp-json\/wp\/v2\/pages"}],"about":[{"href":"https:\/\/seniorspourlascience.fr\/index.php\/wp-json\/wp\/v2\/types\/page"}],"author":[{"embeddable":true,"href":"https:\/\/seniorspourlascience.fr\/index.php\/wp-json\/wp\/v2\/users\/1"}],"replies":[{"embeddable":true,"href":"https:\/\/seniorspourlascience.fr\/index.php\/wp-json\/wp\/v2\/comments?post=106"}],"version-history":[{"count":34,"href":"https:\/\/seniorspourlascience.fr\/index.php\/wp-json\/wp\/v2\/pages\/106\/revisions"}],"predecessor-version":[{"id":382,"href":"https:\/\/seniorspourlascience.fr\/index.php\/wp-json\/wp\/v2\/pages\/106\/revisions\/382"}],"wp:attachment":[{"href":"https:\/\/seniorspourlascience.fr\/index.php\/wp-json\/wp\/v2\/media?parent=106"}],"curies":[{"name":"wp","href":"https:\/\/api.w.org\/{rel}","templated":true}]}}